 + -5?
-1
Calculate 0 - (-1 + (5 - 4)).
0
-4 + (-1 - (-12 + 5))
2
Evaluate -8 - (-2 + -13 + 7).
0
Evaluate -1 + (6 - (25 + -3)) + 7.
-10
What is the value of 2 + (1 + -1 - (-4 + 4))?
2
-6 + 3 + 2 - 2
-3
What is the value of (-4 - -6) + 8 + -15?
-5
Evaluate 0 - -1 - (2 + 2).
-3
Evaluate (3 - 7) + (-1 - -5).
0
What is the value of 3 + (-2 - 3) + 0 + 2?
0
What is (-1 - (-2 - 0)) + -41 + 49?
9
(-1 - -1) + 1 + 291 + -286
6
What is the value of 9 - (-1 + 11) - (1 + -12)?
10
What is -20 + 4 - (-3 - 10)?
-3
What is 3 + (0 - 4) - -5 - 0?
4
Evaluate -5 - -11 - -1 - 12.
-5
What is 3 + (9 - (9 + 4))?
-1
Evaluate (1 - -1) + (41 - 43).
0
Evaluate 6 + -8 + 0 + -3.
-5
What is 10 + (0 - 5) + 1 + -7?
-1
Evaluate -2 - ((4 - 4) + 3).
-5
What is (-20 - (-10 + 0)) + 13?
3
What is the value of (-6 - -1 - 11) + 8?
-8
Calculate -4 + (1 - (-4 + -6 + 4)).
3
-5 + (2 - (3 + -1 - 2))
-3
4 + (8 - (4 - -12))
-4
Evaluate -6 + (-2 - (-5 - -7)) + 9.
-1
Evaluate (-32 - -34) + (2 - 2).
2
Calculate 10 + (7 - 13) - (0 + 1).
3
(5 - 5) + (-1 - 2)
-3
Evaluate -2 + 4 - -1 - 3.
0
What is the value of -2 + 2 + -2 - (-18 - -19)?
-3
7 + (-1 - 4) + -1
1
What is -7 + (-2 - -1) + (-64 - -65)?
-7
Calculate 1 + (-6 - -2) + 3.
0
Evaluate -5 - -2 - ((3 - -1) + 1).
-8
Evaluate (4 - -1) + 7 + 4 + -15.
1
Calculate 3 + -1 + 10 + -7.
5
(1 - 3) + 5 - 2
1
5 + -1 + -4 + 0
0
Calculate 2 - (-3 - (-5 + 0)) - -2.
2
What is 2 + 6 + (6 - (-7 + 15))?
6
What is 4 + (-1 - 3) + 3?
3
Evaluate 0 - 6 - (-4 + 0).
-2
-2 + -4 + -2 + 9
1
Evaluate (-3 - (2 - 5)) + 0 + 2.
2
What is (8 - (-3 + 8) - -2) + -10?
-5
Calculate 1 + (2 - -2) + (0 - 2).
3
Calculate -9 - -10 - (-2 + 0).
3
Evaluate -2 + -5 + 5 - -8.
6
Evaluate -1 + ((8 - -1) + -2 - 4).
2
Evaluate 1 - (-7 - -6) - (-1 + -1).
4
What is the value of -6 + 13 + -2 + 0 - 1?
4
What is 6 - (12 - (-3 + -4 - -7))?
-6
What is the value of (40 - 38) + (1 - -3)?
6
Evaluate -2 + -3 + 0 + 3 + 5.
3
Evaluate (2 - (1 - 3)) + -8.
-4
Evaluate (6 - 2) + 11 + 11 + -23.
3
Calculate -1 + 1 + (-1 - (-2 + -3)).
4
Evaluate 14 - 1 - (6 - -1).
6
Calculate -8 + (3 - (-6 - -8)) - -3.
-4
Calculate 1 - (-5 + 3 + 0).
3
-19 + 2 - (-15 - -6)
-8
Evaluate 18 - 26 - (-17 + 2).
7
Calculate 4 + 3 + -3 + -53 + 52.
3
What is the value of 3 - (-22 + 28 - (-2 + -1))?
-6
Calculate -2 + 8 - (-35 - -34).
7
What is 2 - 0 - (-33 - -37)?
-2
Calculate 4 - (-9 + -2 - -19).
-4
Calculate 12 - (-9 + 11 + 8).
2
What is the value of (0 - (2 + -3)) + -3?
-2
What is the value of 7 + (-2 - (0 - (-8 + 8)))?
5
5 + 1 + (-1 - (2 - -1))
2
What is the value of 15 - (-2 + -5 + 12)?
10
What is the value of -41 - -36 - (1 + (0 - 2))?
-4
Evaluate 3 - (-10 + 7) - 3.
3
(-4 - -1) + (5 - (2 - 1))
1
-9 - -2 - (-9 - -6)
-4
Calculate (-4 - (2 + -1) - 2) + 2.
-5
Evaluate 7 - 1 - (9 + -2).
-1
-2 - 1 - (-2 - -3 - 0)
-4
What is -7 - 0 - (0 + 3 - 8)?
-2
Evaluate -8 + 0 + 2 + 4.
-2
Calculate 4 + 2 - 6 - -7 - 13.
-6
Calculate -2 + 1 + -5 - -3 - -4.
1
What is -6 + (10 - 1) + -2?
1
Evaluate -7 + (-8 - -4 - -11).
0
-3 + 6 + -2 + -1
0
What is -4 - (7 + -4) - -2?
-5
Evaluate -9 + 8 - (-1 - 0).
0
What is the value of -3 + -6 + 3 - -6?
0
What is the value of -2 - -5 - -1 - -1 - 5?
0
What is the value of 3 - (2 + 0) - 5?
-4
What is (5 - 0) + (-2 + 5 - 3)?
5
Evaluate (8 - 11) + 8 - 6.
-1
What is the value of 14 - (11 + -7) - (3 - -1)?
6
What is the value of 6 - (2 + 1 - -6)?
-3
Calculate -8 + 2 + 4 + -3.
-5
What is the value of 1 + 1 + -1 - (-1 - 2)?
4
What is (-21 - (-15 - -2)) + 9 + -1?
0
What is -1 + 0 + -6 + 4?
-3
Calculate (-5 - 2) + -7 + 5.
-9
5 + -4 + 2 + 1 + -4
0
Calculate -6 + 4 - (1 - (-2 + 0)).
-5
Calculate (9 - 0) + (46 - 47) + -13.
-5
What is the value of -8 + 0 - (271 - 269)?
-10
Evaluate (1 - 6) + -1 - -4.
-2
-4 + 2 - (5 - 7)
0
(5 - 2) + (-1 - -1) + -4
-1
Evaluate (1 - 9) + (-2 + 8 - 0).
-2
What is 2 - (4 + (4 - 4))?
-2
Calculate 2 + -3 + 2 - (81 + -80).
0
1 - (0 + 5 + -3)
-1
What is 14 + 0 + (10 - 21)?
3
What is the value of (3 - (2 - 4)) + -1?
4
What is the value of 2 + -5 - (-14 + 17)?
-6
-6 + 4 - (-1 - 3)
2
Evaluate (-3 + 0 - -6) + (-3 - 3).
-3
Calculate -1 + 0 + (9 - 8).
0
Evaluate (4 - 0) + -7 + 6 + 1.
4
-2 + (0 + 7 - 2)
3
Calculate (4 - 1) + (-8 - 0) + 5.
0
Evaluate (4 - -4) + -14 + 2.
-4
What is (1 - 6) + 4 + 6?
5
Evaluate 0 + (3 - 4) + 2.
1
Evaluate (5 - 3) + -5 + 3.
0
What is the value of -9 - (8 + -18) - 7?
-6
Evaluate 1 - -3 - (-18 + 17) - 2.
3
What is (-3 - 1 - (-7 + 2)) + -1?
0
Evaluate -3 - (13 + -2 - (35 - 28)).
-7
-9 - -1 - (-28 - -24)
-4
Evaluate -2 + (2 - -1) + -3 + 3.
1
Evaluate (3 + -4 - 3) + (5 - 4).
-3
What is the value of -5 - (0 + (-3 - 2 - -5))?
-5
Evaluate 1 + -2 + (-23 - -11) + 10.
-3
What is the value of (-9 - (-2 + 0)) + -18 + 20?
-5
Calculate (2 + -6 + 4 - 3) + 4.
1
What is the value of 2 - (-3 + 2 + 0 + 0)?
3
Calculate 2 + (-6 - ((3 - -2) + -2)).
-7
Evaluate (-2 - -3) + 6 + 50 + -54.
3
What is (0 + 3 - 3) + 6 + 3?
9
Calculate -2 + -4 - (-12 - -9).
-3
What is -7 + 2 + 5 + -4?
-4
4 - (3 - 2) - -1 - 3
1
-6 - -2 - (-3 - (2 - 5))
-4
Calculate (-10 - (-5 - 0)) + 7 + -2.
0
Calculate 23 + -27 - ((1 - 4) + -1).
0
What is the value of (1 - 2) + 10 - 6?
3
Evaluate 0 - -2 - (27 - 31).
6
Evaluate -4 + 0 - (-20 + 9).
7
Calculate -5 + (-7 - -18) + -3.
3
What is (-5 - (-5 + 1)) + (0 - -1)?
0
What is 1 - 1 - (-11 + 10)?
1
4 - (7 + -4) - (0 - -2)
-1
What is the value of (1 - -6) + 29 + -32?
4
What is -4 - -2 - 1 - (7 + -10)?
0
What is the value of (0 - 0) + -2 + (1 - 1)?
-2
Calculate (-6 - -5) + -3 + 6.
2
Calculate -37 - -30 - (0 + -2).
-5
7 + -14 + 7 - (-5 - -1)
4
What is (1 - -7) + -15 + 12?
5
(1 - 0) + -7 + -1
-7
Evaluate 4 + 2 + -2 - (0 - 1).
5
-7 + 9 - -4 - (0 - -11)
-5
-3 - -5 - (1 + 4)
-3
What is the value of (-6 - (-1 + -3 + 0)) + -2?
-4
Evaluate -3 - (-6 - (-2 - 1) - 2).
2
What is the value of -7 + -4 + (2 - -14)?
5
Calculate (-1 - 6) + 26 + -13.
6
What is the value of -3 + 1 + -17 + 41 + -17?
5
(1 + 1 + -5 - -7) + -3
1
Calculate (6 - 10) + -3 + (1 - -1).
-5
Evaluate -6 + (11 - 4) - 5.
-4
What is the value of 6 + -4 + (1 - 9)?
-6
What is (-10 + 9 - (7 + -2)) + -2?
-8
Calculate (-2 - (-11 + -3 + 3)) + -5.
4
Evaluate 5 + -5 + -1 + (6 - 3).
2
Evaluate 3 - (1 - 5 - -6).
1
12 + (-22 + -5 - -10)
-5
Calculate -1 - -3 - (-1 + 3) - -5.
5
6 + -3 + 2 - (-144 - -151)
-2
What is -9 - (0 - (0 + 5))?
-4
Evaluate -1 + 0 + (-2 - -6) + -2.
1
4 - (-4 + 17 + -5)
-4
4 + -9 - (-18 - -7 - -3)
3
What is -8 - (-2 - (1 + -5 + 5))?
-5
Evaluate (6 - (0 - 4 - -12)) + 5.
3
What is 88 + -97 - ((-1 - 0) + -3)?
-5
(5 - 5) + (1 - -5) + -3
3
Evaluate -4 - (5 + -7) - 3.
-5
What is the value of -2 + 2 + 0 - 1?
-1
3 - 2 - (17 + -12)
-4
-4 + 0 - -2 - -4
2
Evaluate 5 - (9 - (1 - 5)).
-8
What is the value of -9 + 7 + 1 + 6 + 1?
6
0 + -4 - (-5 + 4)
-3
4 + 3 + (-19 - -18)
6
Calculate (2 - -4) + (2 - 0) + -11.
-3
What is the value of (14 - 17) + 7 + 0?
4
4 - (-12 - -15) - 11
-10
Calculate 3 + 0 - (13 - 6 - -1).
-5
Calculate 1 - ((3 - 1 - 6) + 4).
1
Evaluate (-2 - -10) + 34 + -34.
8
Calculate (10 - (-18 - -11)) + -9.
8
Calculate (8 - 3) + -2 + (-11 - -8).
0
Evaluate (6 + -1 - 12) + 15.
8
Calculate 8 + 3 + -9 + 5.
7
Evaluate (-8 - -7) + -3 - 3.
-7
What is -6 + -4 + 2 - -2?
-6
What is the value of 14 + -4 - (-11 + 15)?
6
Calculate -7 + -1 + 6 + -6 - -1.
-7
What is (-1 + 2 - -2) + (4 - 6)?
1
(1 - 1) + -4 - (-3 + -4)
3
Calculate (1 - 1) + -5 - (-44 + 40).
-1
What is the value of (-3 - (0 - 5)) + -4 + -2?
-4
Evaluate 6 + 6 + -3 + 0 + -5.
4
What is (5 - (10 - 0)) + (8 - 4)?
-1
-5 - (4 + -25 - -12)
4
What is -4 + (6 - 5 - 0)?
-3
Evaluate 2 - (-1 + (-1 - -8)).
-4
1 + (-4 - ((-6 - -4) + -3))
2
What is the value of -11 + (3 - -1) + -5 + 9?
-3
Calculate 0 + 0 - (-22 + 17).
5
Evaluate 5 + -5 + (7 - 8).
-1
73 + -70 - (-7 - -2)
8
What is the value of 2 + 4 + (-2 + -4 - 4)?
-4
4 + -5 - (2 - 1)
-2
What is -5 + 9 + -4 - (0 + -1)?
1
-1 + -6 + (-10 - -13)
-4
What is -8 - (8 + -9 + -2)?
-5
(14 - 13) + -2 + 0
-1
What is the value of -4 - (-4 - 0 - -3)?
-3
What is the value of -9 + -5 + (-9 - (-26 - -9))?
-6
Calculate -1 + (1 - (3 + -1)) + 4.
2
-2 - ((0 - 3) + -2 - 1)
4
What is -22 + 18 + 1 + -2?
-5
Calculate -15 - (-11 - -7) - -4.
-7
What is the value of 6 + (1 - (-1 + 3)) - 1?
4
Evaluate (-3 - (2 + -7)) + -2 + -3.
-3
Calculate 6 - (8 - 0 - -3).
-5
-6 + (5 - -2) + -4
-3
Evaluate 17 